t common factor of h and b?
18
Let p be (17 + 7590/(-45))/(1/(-15)). Calculate the greatest common divisor of 39 and p.
13
Let t = -37 + -351. Let m = -348 - t. What is the greatest common factor of m and 30?
10
Suppose -6*q + 286 = -g + 38, 4*g - 142 = -3*q. What is the highest common factor of q and 889?
7
Suppose -2*c + 30 = 3*c. Suppose 0 = 5*f - 417 - 3. Let s be (-380)/(-14)*2 + f/(-294). Calculate the greatest common divisor of c and s.
6
Suppose 0 = -87*g + 34440 + 22980. What is the highest common divisor of g and 324?
12
Let b = -271 - -178. Let n be (-1)/(-4) + b/(-12). Suppose 80 = -46*g + 56*g. What is the greatest common divisor of g and n?
8
Suppose 0 = -5*j + s + 1085, 2*j + 1085 = 7*j - 5*s. Suppose -m - j = 110. Let h be m/(-15) - 1/(-5). What is the greatest common factor of h and 2?
2
Let v be 4 + (4 - 4) + 7. Let c = -2499 + 2501. What is the highest common factor of c and v?
1
Suppose -3*i + j + 49 = -60, 4*j + 51 = i. Calculate the highest common factor of i and 395.
5
Let y(z) = z**3 + 5*z**2 - z + 19. Let o be y(-6). Let p(h) = -h**3 - 7*h**2 - 5*h - 42. Let s be p(o). What is the greatest common factor of s and 7?
7
Let c = 16991 + -16783. Calculate the greatest common factor of 2886 and c.
26
Suppose 6*r = 8*r - 160. Let w be 2/10 - 756/(-20). Suppose -5*z + 3*g = -w, 4*z - 7*g = -2*g + 20. What is the greatest common factor of z and r?
10
Let z(d) = d**2 - 27*d - 205. Let a be z(35). Calculate the highest common divisor of a and 9.
3
Let w = 36643 + -36458. What is the highest common factor of 37 and w?
37
Let d = 45 - -7. Suppose 95 - 131 = -6*l. Let w be (-78)/l*(-1 + (-4)/4). Calculate the highest common divisor of w and d.
26
Let j(v) = 2007*v + 506. Let d be j(3). Calculate the highest common divisor of 107 and d.
107
Suppose -5*w - 5*k = -1360, 61*w + 4*k = 64*w - 837. Calculate the highest common factor of 418 and w.
11
Let w be ((-24)/(-2))/2 + -6. Suppose w = 2*h - 5*l + 3*l - 92, l = -5*h + 248. Calculate the greatest common divisor of 147 and h.
49
Let n = 44 + -35. Suppose 432 = 25*v - 17*v. Let j be (-2)/(-2*6/v). What is the highest common divisor of n and j?
9
Let u = -135 + 227. Suppose 0 = -5*l + 7*l - u. What is the highest common divisor of l and 437?
23
Suppose -5*l + 10 = -2*u, 0*l - 12 = 2*l - 4*u. Suppose l*f + 312 = 10*f. Suppose -4*p + 25 = j, 4*p - 7 = 5. What is the greatest common factor of j and f?
13
Let q = 671 + -619. Suppose 0 = -0*m - 2*m - 2*r - 38, 0 = -5*r - 20. Let i = m - -28. Calculate the greatest common factor of i and q.
13
Let n = -33 + 54. Let s = 29 - n. Suppose -o - 245 = -s*o. What is the highest common factor of o and 280?
35
Let r(a) = 9*a**3 - 14*a**2 + 10*a + 4. Let q be r(4). Suppose 31*v = 25*v + q. Calculate the highest common factor of 154 and v.
22
Let v = 17666 - 9836. What is the highest common factor of 9 and v?
9
Suppose m = 3*z - 0*m - 8, -3 = 2*z + m. Let g be (9 - 2) + -4 + z. Suppose -g*k + 7 = 3. What is the highest common factor of 2 and k?
1
Let j = 1623 + -1613. Calculate the highest common divisor of 206 and j.
2
Let f be -10*(12/36 + 16/(-12)). What is the greatest common factor of f and 178?
2
Let b be (2 + 34)*(-14)/(14 - 56). Let x be ((-2)/4)/((-2)/168). Calculate the highest common divisor of b and x.
6
Let f be 3/24 - (0 + 1125/(-24)). Let s = f + -45. Suppose 31 - 69 = -s*y. What is the highest common factor of 152 and y?
19
Let h be 0/(-4) + -4 + 14. Let p(w) = -2*w**3 - 56*w**2 + 2. Let q be p(-28). Let d be 124 - (-1 + (q - 7)). Calculate the highest common factor of h and d.
10
Let u = 800 - 569. Let p = u + -166. Calculate the greatest common divisor of 13 and p.
13
Let r = 201 + -125. Let g(s) = s**3 - 8*s**2 + 5*s + 14. Let z be g(7). Let k be (z + -1*1)/(10/(-190)). What is the highest common divisor of k and r?
19
Let d = -69 - -74. Suppose 5*w + 4*l - 121 = 0, -d*l - 64 = 4*w - 8*w. Calculate the greatest common divisor of 119 and w.
7
Let y = 7026 - 6909. Calculate the highest common divisor of y and 9.
9
Let s = -334 + 383. Suppose 2*n - s = 5*o, -2 = -3*n - 5*o + 9. Calculate the greatest common divisor of 12 and n.
12
Let y be (6/(-12))/((9/(-7398))/(68/6)). What is the greatest common factor of y and 136?
34
Suppose -p - 5 = -421. What is the greatest common divisor of 1144 and p?
104
Let s(n) = 8*n + 340. Let r be s(-21). What is the highest common divisor of r and 989?
43
Let l be 40/(-30)*18 - -166. What is the greatest common divisor of l and 86?
2
Let b(f) = 2*f**3 - 97*f**2 - 148*f - 31. Let r be b(50). What is the greatest common factor of r and 7475?
23
Suppose -3*r - 90 = -f, 108 + 252 = 5*f + 3*r. Let c be (-72)/20*-3*(-385)/(-66) + -3. Calculate the highest common divisor of c and f.
15
Let m = 30 - 23. Suppose 8 + m = 3*l, 2*d + l - 251 = 0. Suppose -c + 4*c = -q + d, -2*c = -3*q + 380. What is the greatest common divisor of 18 and q?
18
Let h = 84 + -44. Let y = 652 - 620. What is the greatest common factor of h and y?
8
Let l be ((-2)/3)/(1/(-6)). Suppose 2*m + 39 - 211 = 0. Let q = -58 + m. Calculate the highest common divisor of l and q.
4
Let c = 106 + -100. Suppose 0 = a, -2*a - 20 = -2*l - c. Calculate the greatest common factor of l and 77.
7
Let z be ((-25)/15)/(1 + (-448)/441). Let v(t) = -t + 14. Let f be v(4). Calculate the highest common divisor of z and f.
5
Let g = 476 + -488. Let j be 3/(g/3 - -5)*7. What is the highest common divisor of 63 and j?
21
Let h be (113 + (2 - -2))*-1. Let b be (2 - 18702/h) + 4/26. Calculate the highest common divisor of 18 and b.
18
Let q be (3 - 20/6 - 1)*-12. Let p(n) = 2*n**2 - 61*n - 77. Let f be p(33). Calculate the highest common factor of q and f.
8
Let q be -1*(-5 - (-4 + 375)). Let o = -368 + q. Suppose 2*v - 3*g - 25 = 0, -3*g - 53 = -4*v - 12. Calculate the greatest common divisor of o and v.
8
Suppose -4*h - 650 = -5*v, -2*v + 51 + 196 = h. What is the greatest common divisor of 315 and v?
63
Let s be (-2 + (5 - -4))*(-153)/(-63). What is the highest common divisor of s and 1139?
17
Let l = 87 + -32. Let m(w) = -w**2 - 17*w + 42. Let n be m(-19). Suppose -b + n*b - 20 = o, -b = o. What is the greatest common divisor of b and l?
5
Let d = -1325 + 1899. Let u(o) = -100*o + 2882. Let x be u(28). What is the greatest common divisor of x and d?
82
Let q(s) = 14*s**2 + 78*s - 19. Let b be q(-6). Let w(a) = a**3 - 17*a**2 - 13*a - 39. Let o be w(18). Calculate the greatest common divisor of b and o.
17
Let u = 368 - 365. Suppose -7*t - 4*o + 380 = -3*t, -205 = -2*t + u*o. Calculate the greatest common factor of 28 and t.
14
Let u(h) = 6*h**2 + 117*h - 1317. Let p be u(8). Suppose 0 = -4*b + 16 + 8. What is the greatest common divisor of p and b?
3
Let q(p) = 5*p**2 - 5. Let v be q(6). Let g = -52573 + 52598. Calculate the highest common divisor of v and g.
25
Let q be (-17)/((-153)/54)*3. Calculate the greatest common factor of q and 414.
18
Let y(a) = -390*a - 17130. Let q be y(-44). Suppose -h = 3*k - 19, 5*k - 3 = 5*h + 22. What is the highest common factor of q and k?
6
Suppose -3*s + 152 = 16*s. Let x = 8 + s. What is the highest common divisor of x and 16?
16
Suppose -97*x + 95*x + 256 = 0. What is the highest common factor of 496 and x?
16
Suppose 0 = -32*b - 4664 + 122866 - 6298. Calculate the highest common factor of b and 4304.
269
Let r be (-22 - 1)/(69/(-46)*1/3). What is the greatest common factor of 26 and r?
2
Let d be ((3/(-5))/(342/1520))/((-1)/720). Calculate the greatest common divisor of 30 and d.
30
Suppose 0 = -5*n - 3*h + 208, -n + 4*h + 96 = 36. What is the highest common factor of 3674 and n?
22
Suppose -7*r = -4*r - 192. Suppose -133*v - 1018 = -5252 - 5342. Calculate the greatest common divisor of v and r.
8
Suppose 30 = 30*h - 144 - 126. Suppose -t - 8 = -3*t. Let l be -10*(-2 + t - 9). What is the highest common factor of l and h?
10
Let c = 303 + -190. Suppose -50*r - 3586 + 3636 = 0. Calculate the greatest common factor of c and r.
1
Let l(c) = 9*c**2 - 22*c - 46. Let i be l(-2). Let n = 20 + -30. Let r be 102/((-1)/(n/3)). What is the greatest common factor of i and r?
34
Let j = 215 + -99. Let z be (-6 - j/(-20))*-5. What is the greatest common divisor of 8 and z?
1
Let o(s) = -s**3 - 115*s**2 - 447*s + 499. Let m be o(-111).